= d**3 + d**2 + 100. Calculate the remainder when m(0) is divided by 34.
32
Suppose -13*l + 4*l + 351 = 0. Let n(g) = -21*g**3 - 2*g**2 - 2*g - 1. What is the remainder when l is divided by n(-1)?
19
Let c = -59 - -31. What is the remainder when 41 is divided by (c/(-5))/((-4)/(-10))?
13
Let m(w) = -w**2 + 5*w + 5. Suppose 0 = -3*o - 0*o + 27. Let i = 14 - o. Calculate the remainder when 9 is divided by m(i).
4
Suppose 3*a = 4*o - 45, -27 = -2*o - a - 2*a. What is the remainder when 93 is divided by o?
9
Suppose -2*b + 4*j + 286 = 0, -b - 4*b + 697 = -j. What is the remainder when b is divided by 14?
13
Suppose 5*x - 375 = -10. What is the remainder when x is divided by 19?
16
Suppose 175 = 6*a - a. Suppose 6*u - a = u. Let g = 40 - u. What is the remainder when g is divided by 17?
16
Suppose -4*w = y - 8 + 7, -2*w = y - 7. Calculate the remainder when 17 is divided by y.
4
Let a(k) = 6*k + 2. Let s(j) = j. Let i(t) = -2*a(t) + 14*s(t). Suppose 0*h = h + 5*q - 6, -12 = -2*h + q. Calculate the remainder when i(7) is divided by h.
4
Suppose 7*c + 6 = 90. Calculate the remainder when 34 is divided by c.
10
Let a(o) = 3 - 6 + 3 + 5*o - 4. Suppose -1 = -r + 6. Calculate the remainder when a(r) is divided by 11.
9
Let l be (-594)/(-15) - (-2)/5. Suppose 3*w + 16 = l. What is the remainder when 47 is divided by w?
7
Let d(j) = -4*j**2 - j**3 - 10 + 8*j + 4*j**2 + 7*j**2. Calculate the remainder when d(7) is divided by (48/3)/(1 - 0).
14
Let i = -115 - -138. What is the remainder when 1/1*(66 + 2) is divided by i?
22
Suppose -4*x + 6 = -a + 6*a, -5*a - 5*x + 5 = 0. Let r(g) = 5*g**2 - g + 2. What is the remainder when 38 is divided by r(a)?
18
Calculate the remainder when 209 is divided by ((-6)/(-9) - 1)*(-106 + 1).
34
Let m(z) = -z**2 - 2*z - 1. Let t be m(-2). Let h = t - -3. Suppose 3*b = 5*p - 27 + 6, 0 = -h*p + 5*b + 16. What is the remainder when 8 is divided by p?
2
Suppose a = 5*y - 67, 40 + 2 = 4*y + 5*a. Let s = 27 - y. Let i = -9 + s. What is the remainder when 8 is divided by i?
3
Let r(y) = 1 - 10 - y + 18. Calculate the remainder when r(4) is divided by -3 - (-1 - 0) - -4.
1
Let s(k) = -3 - 2 + k**3 + 8*k**2 - 3*k - 7. Calculate the remainder when 45 is divided by s(-8).
9
Suppose v = 4*k - 0*v - 34, -18 = -k + 5*v. Suppose 16 - 106 = -5*p - 5*a, 3*p = 3*a + 72. What is the remainder when p is divided by k?
5
Suppose -8*q + 4*q + 320 = 0. Calculate the remainder when q is divided by (-3)/(-4) - 420/(-16).
26
Let v = -11 - -13. Suppose 3*n = 3*k - 9, -v*k - 2*n = 3*n - 41. Calculate the remainder when 14 is divided by k.
6
Suppose 5*n - 2*f = 645, -n + 625 = 4*n + 2*f. Suppose -n = -5*g + 8. What is the remainder when g is divided by 15?
12
Let y(n) = n - 11. Let h be y(0). Let v be 1/(-2 + h/(-5)). Suppose -v*q = -31 - 19. What is the remainder when 18 is divided by q?
8
Let p(f) = -f**3 + 8*f + 3. Calculate the remainder when p(-3) is divided by 2.
0
Suppose -1 = -y + 4. Let b(o) = 7*o - 17. What is the remainder when b(5) is divided by y?
3
Let r = -1 - -1. Suppose 2*x - 15 = x. What is the remainder when x is divided by 8 - (r/1 - 0)?
7
What is the remainder when 6 is divided by ((-26)/(-8) - 3)*8?
0
Let o be (1/(-1))/(2/26). What is the remainder when (-245)/o - (-2)/13 is divided by 5?
4
Let i(z) = z**2 + 29*z + 44. Suppose o - 188 = -3*o. What is the remainder when o is divided by i(-28)?
15
Suppose -118*z - 36 = -122*z. What is the remainder when z is divided by 3?
0
Let x(s) = -s**2 - 7*s + 8. Let g be x(-7). Suppose -3*w = -w - 3*o - 18, g = 4*o. What is the remainder when (7/(-2))/(3/(-30)) is divided by w?
11
Let n(q) = 2*q + 27. Calculate the remainder when n(23) is divided by 15.
13
Suppose 0 = -z - 0 - 3, 2*z = 4*i - 150. Let t = i + -9. Calculate the remainder when t is divided by 14.
13
Suppose -5*v + 3*c + 375 = 0, -2*v - 2*c = -v - 88. What is the remainder when v is divided by 20?
18
Suppose 624 = -3*v - 3*v. Let y = -53 - v. What is the remainder when y is divided by 18?
15
Let d(p) = p**2 + 5*p - 3. Let o be d(-6). Suppose n = o*n - 4. Suppose -h + 5 = n. Calculate the remainder when 8 is divided by h.
2
Let w(t) = 48*t - 10. Let o be w(10). Suppose 3*g = -4*b - 282, 3*g = -2*g + 5*b - o. Let p = -67 - g. What is the remainder when p is divided by 7?
6
What is the remainder when 35 is divided by (-2)/7 - (-4 + 390/(-42))?
9
Let z = -11 + 15. Let j(f) = 11*f - 3. What is the remainder when j(z) is divided by 14?
13
Suppose 59*a - 72 = 56*a. What is the remainder when a is divided by 14?
10
Let t(y) = y. Let h be t(-4). Let r(j) = -2*j - 7. Calculate the remainder when 4 is divided by r(h).
0
Suppose -2*q + 145 = v + 41, 0 = 3*q + 5*v - 163. Calculate the remainder when 100 is divided by q.
49
Let o(y) = y**3 + 4*y**2 - 5*y + 1. Let z be o(-5). Suppose -4*s = z - 13. Suppose 0 = -s*t + 54 + 33. Calculate the remainder when t is divided by 10.
9
Let p(a) = a**2 + a. Let k(w) = -w**3 - 11*w**2 - 10*w. Let s(l) = -k(l) - 4*p(l). Let o = -16 - -29. What is the remainder when s(-4) is divided by o?
11
Suppose 0 = 3*k + 2*s - 144, -k = 2*s + s - 55. Suppose 5*f + n = 131, 0 = f - 3*n - k + 7. Calculate the remainder when f is divided by 15.
12
Calculate the remainder when 123 is divided by 1/(1/31 + 0).
30
Let g be 440/6*12/10. Suppose 5*w = g + 177. Let y = w - 38. What is the remainder when 44 is divided by y?
14
Suppose 0 = -l - 2, 6*l = 5*j + l - 35. Suppose j = -7*x + 2*x. What is the remainder when x/3 + (-115)/(-3) is divided by 13?
12
Suppose -4 = -3*y - 10. Let m = -6 - y. Let o = m - -7. Calculate the remainder when 4 is divided by o.
1
Suppose 0 = b - 5*v - 8, b + 11 = 5*b + v. Suppose -14 = t - a + 2*a, -54 = b*t - 3*a. Let k = -3 - t. Calculate the remainder when 23 is divided by k.
10
Let y(w) = -w**3 - 8*w**2 - 7*w + 9. Let x be y(-7). Suppose -f = 3*j - 46, -4*j + f = -x*j + 76. What is the remainder when 44 is divided by j?
14
Let x = 6 + -6. Suppose 3*t - k = 2, -4*t - t - 4*k = -26. What is the remainder when 7*t - (2 - x) is divided by 7?
5
Calculate the remainder when 18 is divided by 3/((-12)/(-7))*4.
4
Let p(j) = -16*j + 9. Calculate the remainder when p(-2) is divided by 23.
18
Let m = 56 - 29. What is the remainder when 106 is divided by m?
25
Let w(a) = -a + 36. What is the remainder when 104 is divided by w(0)?
32
Let i(c) = -c**3 - 3*c**2 + 6*c - 7. Let s(r) = -r**3 + r + 7. Let m be s(0). Suppose 2*b = b + m. What is the remainder when i(-5) is divided by b?
6
Suppose 6*j - 60 + 18 = 0. Let b = -3 - -16. What is the remainder when b is divided by j?
6
Suppose -k + 0*k = 0. Let u(d) = -d + 3. Let g be u(-11). Suppose -2*r + k*r + m = -g, -4*r + 5*m + 40 = 0. Calculate the remainder when r is divided by 2.
1
Let h = -15 + 11. Calculate the remainder when 23 is divided by 3 + h + 1*9.
7
Let l(k) = -k**2 + 15*k - 13. Calculate the remainder when l(5) is divided by 8.
5
Suppose 5*t - 83 = -2*k, 5*t + 4*k - 81 = -0*t. What is the remainder when t is divided by 11?
6
Let l(w) = -w**3 - 14*w**2 + 15*w + 2. Let q be l(-15). Suppose 4*u - 19 = 3*u - q*n, -u = -n - 16. Calculate the remainder when 32 is divided by u.
15
Suppose 0 = 5*k - 419 - 1. What is the remainder when k is divided by 23?
15
Let a = -10 + 10. Suppose 2*g + a - 4 = 0. Suppose -g*s + 28 = -0*s. What is the remainder when 39 is divided by s?
11
Let i(j) = j**3 + j**2 - 4. Calculate the remainder when i(3) is divided by 11.
10
Calculate the remainder when 222/11 - 62/341 is divided by 6.
2
Let s be (-2)/(-6) - (-24)/9. Suppose -h = -0*h + 5*z - 32, 0 = s*h + 2*z - 57. Let i(g) = g**2 + 13*g + 21. What is the remainder when h is divided by i(-12)?
8
What is the remainder when 127 is divided by ((-2)/4)/((-12)/1032)?
41
Let b = 97 + -93. What is the remainder when 15 is divided by b?
3
Let x be 2 + (-5 + 3)/(-2). Suppose 0 = x*t + t + 132. Let u = 51 + t. Calculate the remainder when u is divided by 7.
4
Let x(f) = 3*f + 2*f - 4 - 3*f. Let q = 9 + -4. What is the remainder when 16 is divided by x(q)?
4
Suppose -4*v + 180 = 60. Let w be v/7 - 2/7. Suppose 5*m - 3*o + 12 = 332, -3*o = w*m - 256. What is the remainder when m is divided by 22?
20
Let u be ((-78)/(-15))/(4/(-20)). Let t = 0 + 4. Calculate the remainder when ((-14)/4 + 3)*u i